Let h(o) = o**2 - 11*o + 32. Determine h(9).
14
Let g(b) = b**3 - 6*b**2 - 3*b - 36. Determine g(7).
-8
Let z(q) = -2*q**3 - 11*q**2 - 5. What is z(0)?
-5
Let j(y) = y**2 - 29*y + 28. Calculate j(28).
0
Let g(w) = w + 4. Calculate g(10).
14
Let p(l) = -3*l - 9. Calculate p(-5).
6
Let n(s) = 2*s**2 - s + 6. Give n(2).
12
Let x(c) = -9*c + 1. Calculate x(-5).
46
Let m(h) = 2*h**3 - 2*h**2 - h + 1. Calculate m(3).
34
Let z(y) = y**3 + 10*y**2 - 28*y - 31. Determine z(-12).
17
Let o(j) = j**3 + 7*j**2 + 4*j + 8. Calculate o(-7).
-20
Let t(w) = w**2 - 15*w - 45. Determine t(17).
-11
Let h(l) = -l**3 - 2*l**2 + 8*l + 11. Give h(-6).
107
Let g(s) = -63*s**2 - 2*s + 1. What is g(1)?
-64
Let n(d) = d**2 + 12*d + 29. Determine n(-7).
-6
Let p(m) = -m**2 + 8*m + 5. Calculate p(8).
5
Let q(x) = 11*x**3 + x**2 - 5*x - 3. Give q(-2).
-77
Let y(j) = 3*j - 15. What is y(7)?
6
Let k(p) = -9*p**2 + p + 1. Calculate k(1).
-7
Let j(l) = 28*l**2 - l + 12. What is j(0)?
12
Let l(o) = -5*o + 14. What is l(-8)?
54
Let j(r) = 10*r**2 + 4*r - 4. What is j(2)?
44
Let l(v) = -v**2 - 2*v - 19. What is l(-8)?
-67
Let n(d) = -44*d - 841. What is n(-19)?
-5
Let m(j) = -j**3 - 7*j**2 + 21*j - 11. What is m(-9)?
-38
Let l(q) = -q**3 + 21*q**2 + 49. Determine l(21).
49
Let y(l) = l**3 + 5*l**2 - 7*l + 5. Give y(-5).
40
Let h(x) = 2*x**3 + x**2 - 2*x - 3. Give h(-2).
-11
Let g(f) = 3*f + 2. Determine g(-10).
-28
Let j(k) = -k**3 + 19*k**2 - k. Calculate j(19).
-19
Let w(h) = 5*h - 10. Determine w(0).
-10
Let d(g) = 3*g + 8. Give d(-8).
-16
Let g(w) = -w**3 + 5*w**2 - 8*w + 13. Give g(6).
-71
Let l(j) = -6*j + 25. Determine l(4).
1
Let s(j) = 4*j. Give s(-3).
-12
Let u(z) = 6*z**2 - z. Give u(-1).
7
Let p(d) = d**3 + 8*d**2 + 9*d - 5. What is p(-7)?
-19
Let m(s) = -11*s - 3. Determine m(2).
-25
Let i(n) = n - 5. Determine i(4).
-1
Let f(r) = -r**3 - 10*r**2 - 21*r - 94. Calculate f(-9).
14
Let z(l) = l**3 + 7*l**2 + 4*l - 3. Determine z(-4).
29
Let v(l) = -l - 43. What is v(-13)?
-30
Let n(g) = -2*g - 6. Determine n(3).
-12
Let v(c) = c**2 + 8*c + 3. Give v(-6).
-9
Let a(m) = -m**3 - 21*m**2 - 21*m - 15. What is a(-20)?
5
Let t(j) = -j**3 - j**2 + j + 2. Give t(2).
-8
Let n(c) = c**3 + 14*c**2 + 16*c + 27. Calculate n(-13).
-12
Let p(u) = -u**2 + 15*u + 45. What is p(-3)?
-9
Let l(k) = -k**2 + 2*k + 5. What is l(-5)?
-30
Let t(c) = c**3 - 12*c**2 + 9*c + 25. Calculate t(11).
3
Let z(i) = -2*i + 41. Calculate z(12).
17
Let a(d) = d**3 - 14*d**2 + 12*d + 6. Calculate a(13).
-7
Let d(p) = -p**3 - p - 23. What is d(0)?
-23
Let r(d) = 3*d**3 + 25*d**2 + 28*d + 3. What is r(-7)?
3
Let d(z) = 21*z - 4. Calculate d(-3).
-67
Let n(s) = -s - 21. Determine n(5).
-26
Let k(v) = v**3 - 8*v**2 + 4*v + 3. Determine k(7).
-18
Let f(a) = -a**2 - 6*a + 12. Calculate f(-9).
-15
Let j(d) = -13*d**2 + 1. What is j(1)?
-12
Let q(v) = -3*v + 77. What is q(29)?
-10
Let q(b) = 2*b - 7. Calculate q(-14).
-35
Let q(b) = 12*b + 142. What is q(-13)?
-14
Let f(u) = -5*u**2 + u + 2. Determine f(-1).
-4
Let w(d) = d**2 - 8*d + 14. What is w(7)?
7
Let u(h) = -2*h**3 - 7*h**2 + 3*h - 3. Give u(-4).
1
Let h(o) = o + 48. Give h(23).
71
Let x(z) = z**3 - 4*z**2 - 2*z - 68. Calculate x(6).
-8
Let q(n) = -2*n + 35. Give q(22).
-9
Let s(b) = 4*b**2 - 7*b - 18. Determine s(3).
-3
Let p(y) = y**3 - 6*y**2 + y + 2. What is p(3)?
-22
Let m(n) = n**2 + 15*n + 46. What is m(-8)?
-10
Let m(j) = 6*j. Give m(1).
6
Let t(x) = -x**3 - 6*x**2 - 2*x - 8. Give t(-6).
4
Let z(k) = -6*k - 47. Give z(-8).
1
Let w(k) = k**3 + 9*k**2 - 26*k - 15. What is w(-11)?
29
Let k(x) = -x**3 - 9*x**2 - 4*x + 10. What is k(-8)?
-22
Let c(r) = r**2 - 2*r - 2. Give c(-3).
13
Let n(i) = i**2 - 26*i + 87. What is n(16)?
-73
Let q(z) = -z**2 + 8*z - 2. What is q(8)?
-2
Let n(w) = w**2 - 19*w - 27. Determine n(20).
-7
Let v(c) = -2*c**3 - 11*c**2 + 8*c + 1. What is v(-6)?
-11
Let i(h) = 11*h + 46. Give i(-13).
-97
Let v(x) = -12*x - 440. Calculate v(-36).
-8
Let v(g) = -g + 13. Determine v(18).
-5
Let o(p) = 12*p + 7. Calculate o(-3).
-29
Let m(l) = -4*l - 17. Determine m(-2).
-9
Let j(x) = -8*x + 3. What is j(3)?
-21
Let b(n) = -6*n - 8. Calculate b(-14).
76
Let b(w) = 41*w - 16. Determine b(-2).
-98
Let k(h) = -h**3 - 5*h**2 + 3*h - 9. Determine k(-5).
-24
Let s(n) = n**3 - 6*n**2 + 2*n + 10. Calculate s(3).
-11
Let k(d) = 4*d**2 - 12*d + 2. Determine k(4).
18
Let h(b) = -b + 19. Determine h(-13).
32
Let u(z) = -14*z - 114. What is u(-7)?
-16
Let w(j) = j**3 + 15*j**2 + 10*j - 53. Calculate w(-14).
3
Let t(m) = 5*m - 49. Give t(8).
-9
Let w(s) = -s**3 - 2*s**2 + 5*s - 1. Determine w(-3).
-7
Let d(f) = 3*f**3 + 2*f**2 - 3*f + 3. What is d(3)?
93
Let u(r) = -r**3 + 5*r**2 - 4*r - 12. What is u(5)?
-32
Let p(n) = 4*n**3 + 3*n**2 + 5*n - 7. What is p(0)?
-7
Let y(r) = -r**2 + 28*r - 77. What is y(22)?
55
Let c(p) = -p**2 - 9*p + 6. Give c(-6).
24
Let q(v) = -v + 16. What is q(7)?
9
Let y(o) = -6*o**2 - 13*o - 12. What is y(-1)?
-5
Let n(t) = 31*t**2 + 1. Give n(-1).
32
Let h(j) = -j**2 + 11*j - 34. Calculate h(3).
-10
Let j(a) = 67*a + 279. Give j(-4).
11
Let q(z) = z**2 - 10*z + 1. Give q(4).
-23
Let x(d) = -d**3 + 20*d**2 + 8*d - 16. Give x(20).
144
Let p(m) = -m**2 - m + 15. Calculate p(-5).
-5
Let m(i) = 9*i + 11. Determine m(-5).
-34
Let t(x) = -3*x + 14. Give t(6).
-4
Let j(l) = 2*l - 114. Determine j(61).
8
Let m(w) = -w**2 - 6*w - 1. Give m(-6).
-1
Let h(g) = 3*g**2 - 33*g + 6. What is h(9)?
-48
Let w(u) = 9*u**3 - u. Calculate w(1).
8
Let r(n) = 11*n + 25. Calculate r(-2).
3
Let z(t) = -t**3 - 14*t**2 + 19*t + 53. Determine z(-15).
-7
Let l(d) = -d**3 + 7*d**2 - 5*d - 7. Determine l(6).
-1
Let d(m) = m**2 - 8*m - 33. Give d(8).
-33
Let m(o) = 10*o + 99. Calculate m(-9).
9
Let v(o) = 5*o - 15. What is v(6)?
15
Let r(q) = -q**3 - 7*q**2 + 29*q + 5. Calculate r(-10).
15
Let l(w) = -w**2 - w + 29. What is l(0)?
29
Let l(b) = b**2 - 22*b - 503. Determine l(-14).
1
Let k(c) = -c + 15. What is k(-8)?
23
Let a(j) = -4*j**2 - 94*j + 20. Calculate a(-24).
-28
Let i(x) = 8*x - 90. Calculate i(11).
-2
Let q(w) = -6*w - 32. What is q(5)?
-62
Let y(m) = m**2 - 59*m + 607. Give y(13).
9
Let l(w) = -21*w - 5. Give l(0).
-5
Let f(v) = -2*v**3 + 17*v**2 - 9*v + 13. What is f(8)?
5
Let z(o) = -o**3 + 6*o**2 + 16*o + 21. Calculate z(9).
-78
Let n(a) = a**3 - 9*a**2 - 9*a - 6. Give n(10).
4
Let h(z) = 4*z**2 - 4*z + 2. Give h(2).
10
Let c(j) = j**3 - 14*j**2 - j - 24. Determine c(14).
-38
Let u(g) = 52*g + 50. Determine u(-1).
-2
Let z(j) = -j + 12. Determine z(15).
-3
Let r(d) = 3*d - 19. Give r(6).
-1
Let m(i) = 2*i**2 + 4*i - 6. What is m(-3)?
0
Let p(h) = -h**3 + 10*h**2 + 8*h + 1. Calculate p(11).
-32
Let i(d) = -d**2 + 4*d + 5. Calculate i(13).
-112
Let f(c) = -c**2 + 12*c - 15. Calculate f(2).
5
Let j(k) = k**3 - 6*k**2 - 13*k + 4. What is j(7)?
-38
Let b(w) = -w**2 + 14*w - 5. Calculate b(13).
8
Let q(b) = -39*b**2 - b + 1. Determine q(-1).
-37
Let u(l) = l**3 - 5*l**2 - 9*l + 10. Calculate u(6).
-8
Let j(l) = -l**3 - 6*l**2 + 2*l + 6. What is j(-7)?
41
Let h(b) = b**3 - 9*b**2 - 35*b. Calculate h(12).
12
Let u(k) = k**3 - 11*k**2 + 12. Determine u(11).
12
Let s(x) = x + 12. Determine s(-4).
8
Let d(t) = t**2 - 11*t - 32. Calculate d(14).
10
Let l(r) = 2*r - 38. Calculate l(17).
-4
Let r(s) = 4*s**2 + 160*s - 160. Determine r(-41).
4
Let t(o) = o**3 - 7*o**2 - 7*o + 5. Give t(9).
104
Let t(g) = -18*g + 60. Give t(4).
-12
Let a(d) = -2*d - 6. Determine a(-4).
2
Let n(c) = c**3 - 2*c**2 - 10*c - 8. Give n(4).
-16
Let k(c) = 11*c + 3. What is k(-1)?
-8
Let o(d) = d + 10. Give o(-7).
3
Let s(c) = -6*c**3 + c - 1. Give s(1).
-6
Let j(p) = -23*p - 3. What is j(-2)?
43
Let z(n) = -2*n - 6. Determine z(7).
-20
Let t(a) = -4*a - 25. Calculate t(7).
-53
Let j(q) = -q - 9. What is j(6)?
-15
Let b(t) = -t**3 - 35*t**2 - 4*t - 144. Calculate b(-35).
-4
Let p(n) = -n**3 - 8*n**2 + 3*n - 4. Give p(-8).
-28
Let i(o) = 2*o**2 + 4. Determine i(-4).
36
Let s(w) = -w**2 - 4*w - 2. Determine s(-1).
1
Let d(z) = -3*z - 13. Determine d(-9).
14
Let i(d) = -d**3 + 17*d**2 + 14*d + 78. What is i(18)?
6
Let b(p) = 42*p + 175. What is b(-4)?
7
Let y(x) = -x**3 - 15*x**2 + 19*x + 47. What is y(-16)?
-1
Let h(x) = -2*x + 72. Calculate h(0).
72
Let l(o) = -o**3 - 31*o**2 - 30*o - 2. Gi